t is -68370d - -2?
-68370b
In base 10, what is -152 + -1134754?
-1134906
In base 16, what is 306d9 + 122d?
31906
In base 7, what is -2052450 - -25?
-2052422
In base 6, what is -1011 - 20155132?
-20200143
In base 16, what is e - -75f90d?
75f91b
In base 9, what is -463624 + 136?
-463477
In base 15, what is d7801c - 0?
d7801c
In base 7, what is -525 - 261334?
-262162
In base 15, what is 75ad + c066?
14624
In base 2, what is -10110 - 101111101100111110110?
-101111101101000001100
In base 10, what is -39326 + -2305?
-41631
In base 2, what is -100001010000101100111 + -1100?
-100001010000101110011
In base 7, what is -1621214 - -500?
-1620414
In base 11, what is -13 + 7652592?
765257a
In base 6, what is 4 - -104115335?
104115343
In base 8, what is 150 - 16014054?
-16013704
In base 7, what is 111 - -51106353?
51106464
In base 12, what is -71259 - 181?
-7141a
In base 13, what is 126251c6 - -1?
126251c7
In base 5, what is -12024022 - -11421?
-12012101
In base 2, what is -1010 + 1011010000011110000?
1011010000011100110
In base 4, what is 11 + 2220310111102?
2220310111113
In base 5, what is 2112100 + 13013?
2130113
In base 16, what is -1 + 14ad65?
14ad64
In base 7, what is -4 + 3532446?
3532442
In base 4, what is -20120122 - -1203101?
-12311021
In base 9, what is -1126 - 7760?
-8886
In base 15, what is -9a1 + e627?
db76
In base 11, what is a891 - 1748?
9144
In base 4, what is -220 + -1021201001?
-1021201221
In base 9, what is 21543424 - -12?
21543436
In base 5, what is 204003132 - -12?
204003144
In base 15, what is 15bb + 15?
15d1
In base 7, what is -150 - -1451136?
1450656
In base 2, what is -10 + 10000110001110100001000011?
10000110001110100001000001
In base 15, what is 9 + -c7ba05?
-c7b9eb
In base 11, what is -81 + -320288?
-320359
In base 15, what is -eae + 9000?
8041
In base 13, what is 4813212 + 4?
4813216
In base 16, what is -98b5107 + 0?
-98b5107
In base 3, what is 2111221202 - 10112?
2111211020
In base 2, what is -101010100 - -1011100000110?
1010110110010
In base 15, what is 15 + -215b3c?
-215b27
In base 10, what is 9284 + -31914?
-22630
In base 11, what is -738a1 - -179?
-73723
In base 10, what is 5 - 2851633?
-2851628
In base 14, what is 6 - 65c03?
-65bdb
In base 5, what is 32103002321 - -2?
32103002323
In base 5, what is 103040411 + 430?
103041341
In base 9, what is -73155353 + 4?
-73155348
In base 8, what is -417400 - 322?
-417722
In base 5, what is 4044 + 210242?
214341
In base 5, what is 23412 - -1044?
30011
In base 6, what is 12515215424 - -2?
12515215430
In base 15, what is -2 + 2b9832?
2b9830
In base 3, what is -120120222201202 + -22?
-120120222202001
In base 14, what is 71d6d3 + -87?
71d64a
In base 11, what is -12 + -6a5a0a?
-6a5a21
In base 15, what is -4 + -343a86c?
-343a871
In base 5, what is -14230 + -2022004?
-2041234
In base 4, what is -302333101333 - 2?
-302333102001
In base 8, what is -156 - -23053?
22675
In base 4, what is 1212011021 + -10132?
1212000223
In base 9, what is 4 + -5418717?
-5418713
In base 5, what is 0 + -40402423?
-40402423
In base 12, what is -22aa + -51719?
-53a07
In base 6, what is -13411 - -34534?
21123
In base 2, what is 1000 - -1110110011001000001?
1110110011001001001
In base 7, what is 223241 - -15?
223256
In base 5, what is 2211202000 + -210?
2211201240
In base 4, what is 3110011 + 22320211?
32030222
In base 5, what is -22104310214 - 10?
-22104310224
In base 9, what is -100242 + 14?
-100227
In base 4, what is -1303032 - 13203?
-1322301
In base 14, what is 463248 - 5?
463243
In base 4, what is 3 + 131321233030?
131321233033
In base 5, what is -411 - 32414022?
-32414433
In base 2, what is -1001011010100111111111010110 + -100?
-1001011010100111111111011010
In base 11, what is 99326 + -4?
99322
In base 6, what is 24 + -2410502013?
-2410501545
In base 14, what is -23d4caa8 - 5?
-23d4caad
In base 8, what is 64 + -612677?
-612613
In base 10, what is 202 + -8295?
-8093
In base 15, what is -7e850a7 - 4?
-7e850ab
In base 3, what is -111201202220002 + -11?
-111201202220020
In base 9, what is 552146 - 130?
552016
In base 11, what is -295256 + -219?
-295474
In base 7, what is -22305 - 334?
-22642
In base 16, what is -3b9c + 3d?
-3b5f
In base 7, what is -16 - -1535554?
1535535
In base 10, what is -5277685 + -1?
-5277686
In base 14, what is 146 - 330?
-1c8
In base 13, what is -1503 - 12bc?
-27c2
In base 13, what is 252c2c1 - 2?
252c2bc
In base 4, what is 3133323220 - 3?
3133323211
In base 8, what is 3371465 - -125?
3371612
In base 15, what is 35aa6 - -2d?
35ad4
In base 13, what is -1974baa - 19?
-1974bc6
In base 14, what is -1c - -45d4b?
45d2d
In base 10, what is 4 - 2343058?
-2343054
In base 5, what is 3 + 13303124033?
13303124041
In base 14, what is 3b0 + 89cc0?
8a290
In base 12, what is 24 - -348215?
348239
In base 10, what is -68471 + -4632?
-73103
In base 3, what is 11010102200 + 2022?
11010111222
In base 10, what is 3874614 + 2?
3874616
In base 14, what is -d + 299a3?
29994
In base 4, what is -331132 - 211212?
-1203010
In base 4, what is -3012 + 232132031?
232123013
In base 6, what is -5 + 213341314?
213341305
In base 13, what is -6 - 1326698?
-13266a1
In base 15, what is 6a71e + 2b6?
6a9d5
In base 15, what is -111a45 - 2?
-111a47
In base 6, what is -110402 + 10420?
-55542
In base 15, what is 2a - -227b?
22a6
In base 7, what is 11 + -133212405?
-133212364
In base 10, what is -93491 + 19416?
-74075
In base 6, what is -2555235 - 55142?
-3054421
In base 10, what is -808726 + 14?
-808712
In base 9, what is 5876124 - -201?
5876325
In base 15, what is 2e + -aea94?
-aea65
In base 14, what is -67460 - -114?
-6734a
In base 7, what is 2 - 43222666?
-43222664
In base 9, what is 4186 - 4700?
-503
In base 8, what is 30600523 + 10?
30600533
In base 16, what is 9307 - -17e?
9485
In base 2, what is -101110111011001011 - -110111000?
-101110110100010011
In base 6, what is -125 + -11004102?
-11004231
In base 13, what is -92176 + 693?
-917b3
In base 6, what is 0 + -15422155531?
-15422155531
In base 9, what is -34378 + 18?
-34360
In base 8, what is 2055 + -76221?
-74144
In base 3, what is -20011211000112210 + 0?
-20011211000112210
In base 10, what is 248961 + 1?
248962
In base 16, what is -10 + 141bd4?
141bc4
In base 15, what is -4422574 - -5?
-442256e
In base 14, what is -533 - -165?
-3ac
In base 14, what is 721a + -5998?
1662
In base 6, what is 405241252 + -24?
405241224
In base 11, what is 10 - 2114a6?
-211496
In base 3, what is -2212001 - -1002021012?
222102011
In base 12, what is 2057 + 168904?
16a95b
In base 5, what is -122424233344 + -2?
-122424233401
In base 14, what is a7bb875 + 5?
a7bb87a
In base 9, what is -364206055 + -4?
-364206060
In base 12, what is -49975b + 15a?
-499601
In base 16, what is b7653 + 53?
b76a6
In base 16, what is 49040 - -e?
4904e
In base 11, what is -11768876 + 5?
-11768871
In base 13, what is 723c24a + -4?
723c246
In base 15, what is 36 - 116d06?
-116cc0
In base 13, what is 3a02 - -31bc?
6bc1
In base 9, what is 21872652 - -3?
21872655
In base 6, what is -3 + 32503441555?
32503441552
In base 11, what is -2876 - 959?
-3724
In base 2, what is 1100010 + -1000110000011?
-1000100100001
In base 16, what is 208b63 - -4?
208b67
In base 14, what is -b2da0b + -5?
-b2da12
In base 8, what is -77266641 + -5?
-77266646
In base 13, what is 27252 - 1102?
26150
In base 4, what is 3 - 11331103110?
-11331103101
In base 8, what is 1426761 + 3644?
1432625
In base 3, what is -10121 + -101102110210?
-101102121101
In base 4, what is 2331111 - 20013?
2311032
In base 6, what is 0 - -211510511?
211510511
In base 13, what is -25 - -1433200?
14331a8
In base 8, what is 666544611 - 5?
666544604
In base 5, what is 20222411 + -23112?
20144244
In base 7, what is 3203230114 + -4?
3203230110
In base 5, what is -110404 + 11330?
-44024
In base 7, what is -1032105 - 2410?
-1034515
In base 16, what is 39d8e + 353?
3a0e1
In base 11, what is -82197 - 2322?
-84509
In base 12, what is 0 - 489301?
-489301
In base 7, what is 12423 - 1246?
11144
In base 15, what is 21b5 - -6e?
2234
In base 9, what is -2 - -7110317?
7110315
In base 7, what is -2344110 - 241?
-2344351
In base 4, what is -202 + -3201001130?
-3201001332
In base 10, what is 6177219 - 20?
6177199
In base 14, what is -10d929 + -c6?
-10da11
In base 5, what is -22021220300 - -4?
-220212202